{"id":29724,"date":"2026-01-05T08:02:38","date_gmt":"2026-01-05T13:02:38","guid":{"rendered":"https:\/\/www.bmwmotorradsaguenay.com\/motorcycle\/bmw-r-18-b-two-tone-dragonfirerot-metallic-blacked-out-2025\/"},"modified":"2026-01-23T14:51:01","modified_gmt":"2026-01-23T19:51:01","slug":"bmw-r-18-b-two-tone-dragonfirerot-metallic-blacked-out-2025","status":"publish","type":"motorcycle","link":"https:\/\/www.bmwmotorradsaguenay.com\/fr\/motocyclette\/bmw-r-18-b-two-tone-dragonfirerot-metallic-blacked-out-2025\/","title":{"rendered":"BMW R 18 B Two-Tone Dragonfirerot Metallic: Blacked Out 2025"},"featured_media":0,"template":"","price-range":[],"acf":{"new_vehicle_instock_make":"BMW","new_vehicle_model":"R 18 B Two-Tone Dragonfirerot Metallic: Blacked Out","new_vehicle_year":"2025","new_vehicle_type":"Heritage","new_vehicle_colours":"Two-Tone Dragonfirerot Metallic: Blacked Out","new_vehicle_description":"","new_vehicle_instock_images":[{"new_vehicle_image":"https:\/\/cdn.powergo.ca\/media\/catalog\/2026\/2\/cc893faf28974dd1a9082c1db2f8beda_1024x768_webp\/bmw-r-18-b-two-tone-dragonfirerot-metallic-blacked-out-2025-0.webp"}],"new_vehicle_price":"","new_vehicle_price_discount":"","new_vehicle_price_fees_included":true,"new_vehicle_specs":[{"new_vehicle_spec_label":"Puissance nominale","new_vehicle_spec_value":"91\u00a0ch \u00e0 4\u00a0750\u00a0tr\/min","new_vehicle_spec_group":"Moteur"},{"new_vehicle_spec_label":"\u00c9puration des gaz d\u2019\u00e9chappement","new_vehicle_spec_value":"Catalyseur 3 voies \u00e0 r\u00e9gulation lambda","new_vehicle_spec_group":"Moteur"},{"new_vehicle_spec_label":"Type","new_vehicle_spec_value":"Moteur \u00e0 pistons oppos\u00e9s bicylindre \u00e0 quatre temps, refroidi par air\/huile, avec deux arbres \u00e0 cames entra\u00een\u00e9s par cha\u00eene, au-dessus du vilebrequin","new_vehicle_spec_group":"Moteur"},{"new_vehicle_spec_label":"Al\u00e9sage x course","new_vehicle_spec_value":"107,1 mm x 100 mm","new_vehicle_spec_group":"Moteur"},{"new_vehicle_spec_label":"Cylindr\u00e9e","new_vehicle_spec_value":"1\u00a0802\u00a0cm\u00b3","new_vehicle_spec_group":"Moteur"},{"new_vehicle_spec_label":"Couple max.","new_vehicle_spec_value":"163 Nm \u00e0 3 000 tr\/min","new_vehicle_spec_group":"Moteur"},{"new_vehicle_spec_label":"Rapport volum\u00e9trique","new_vehicle_spec_value":"9,6\u00a0: 1","new_vehicle_spec_group":"Moteur"},{"new_vehicle_spec_label":"Alimentation","new_vehicle_spec_value":"Injection \u00e9lectronique indirecte \/ gestion num\u00e9rique du moteur : BMS-O avec acc\u00e9l\u00e9rateur \u00e9lectronique","new_vehicle_spec_group":"Moteur"},{"new_vehicle_spec_label":"Vitesse maximale","new_vehicle_spec_value":"180 km\/h","new_vehicle_spec_group":"Performance\u00a0\/\u00a0consommation"},{"new_vehicle_spec_label":"Consommation aux 100\u00a0km selon WMTC","new_vehicle_spec_value":"5,8 l","new_vehicle_spec_group":"Performance\u00a0\/\u00a0consommation"},{"new_vehicle_spec_label":"\u00c9missions de CO2 selon WMTC","new_vehicle_spec_value":"134 g\/km","new_vehicle_spec_group":"Performance\u00a0\/\u00a0consommation"},{"new_vehicle_spec_label":"Type de carburant","new_vehicle_spec_value":"Super sans plomb (max. 15\u00a0% \u00e9thanol, E15), 95 ROZ\/RON, 90 AKI","new_vehicle_spec_group":"Performance\u00a0\/\u00a0consommation"},{"new_vehicle_spec_label":"Alternateur","new_vehicle_spec_value":"Alternateur \u00e0 aimant permanent 660 W (puissance nominale)","new_vehicle_spec_group":"\u00c9quipement \u00e9lectrique"},{"new_vehicle_spec_label":"Batterie","new_vehicle_spec_value":"12\u00a0V \/ 26\u00a0Ah, sans entretien","new_vehicle_spec_group":"\u00c9quipement \u00e9lectrique"},{"new_vehicle_spec_label":"Embrayage","new_vehicle_spec_value":"Embrayage monodisque \u00e0 sec","new_vehicle_spec_group":"Transmission"},{"new_vehicle_spec_label":"Bo\u00eete de vitesses","new_vehicle_spec_value":"6\u00a0rapports \u00e0 commande par crabots, dans un carter de bo\u00eete de vitesses s\u00e9par\u00e9","new_vehicle_spec_group":"Transmission"},{"new_vehicle_spec_label":"Transmission secondaire","new_vehicle_spec_value":"Cardan","new_vehicle_spec_group":"Transmission"},{"new_vehicle_spec_label":"Cadre","new_vehicle_spec_value":"Cadre en acier double berceau avec entretoises viss\u00e9es","new_vehicle_spec_group":"Ch\u00e2ssis\u00a0\/\u00a0freins"},{"new_vehicle_spec_label":"Guidage de la roue avant \/ suspension","new_vehicle_spec_value":"Fourche t\u00e9lescopique","new_vehicle_spec_group":"Ch\u00e2ssis\u00a0\/\u00a0freins"},{"new_vehicle_spec_label":"Guidage de la roue arri\u00e8re \/ suspension","new_vehicle_spec_value":"Bras oscillant double en acier, jambe de suspension centrale","new_vehicle_spec_group":"Ch\u00e2ssis\u00a0\/\u00a0freins"},{"new_vehicle_spec_label":"D\u00e9battement avant\u00a0\/\u00a0arri\u00e8re","new_vehicle_spec_value":"4,7\" \/ 4,7\"","new_vehicle_spec_group":"Ch\u00e2ssis\u00a0\/\u00a0freins"},{"new_vehicle_spec_label":"Empattement","new_vehicle_spec_value":"1\u00a0695 mm","new_vehicle_spec_group":"Ch\u00e2ssis\u00a0\/\u00a0freins"},{"new_vehicle_spec_label":"Chasse","new_vehicle_spec_value":"183,5 mm","new_vehicle_spec_group":"Ch\u00e2ssis\u00a0\/\u00a0freins"},{"new_vehicle_spec_label":"Angle de t\u00eate de direction","new_vehicle_spec_value":"62,7\u00b0","new_vehicle_spec_group":"Ch\u00e2ssis\u00a0\/\u00a0freins"},{"new_vehicle_spec_label":"Dimensions jante avant","new_vehicle_spec_value":"3,50 x 19\"","new_vehicle_spec_group":"Ch\u00e2ssis\u00a0\/\u00a0freins"},{"new_vehicle_spec_label":"Dimensions jante arri\u00e8re","new_vehicle_spec_value":"5,00 x 18''","new_vehicle_spec_group":"Ch\u00e2ssis\u00a0\/\u00a0freins"},{"new_vehicle_spec_label":"Pneumatique avant","new_vehicle_spec_value":"120\/70 R19","new_vehicle_spec_group":"Ch\u00e2ssis\u00a0\/\u00a0freins"},{"new_vehicle_spec_label":"Pneumatique arri\u00e8re","new_vehicle_spec_value":"180\/55 B18","new_vehicle_spec_group":"Ch\u00e2ssis\u00a0\/\u00a0freins"},{"new_vehicle_spec_label":"Frein avant","new_vehicle_spec_value":"Frein \u00e0 double disque, diam\u00e8tre 300 mm, \u00e9trier fixe \u00e0 4\u00a0pistons","new_vehicle_spec_group":"Ch\u00e2ssis\u00a0\/\u00a0freins"},{"new_vehicle_spec_label":"Frein arri\u00e8re","new_vehicle_spec_value":"Frein monodisque, diam\u00e8tre 300\u00a0mm, \u00e9trier fixe \u00e0 quatre pistons","new_vehicle_spec_group":"Ch\u00e2ssis\u00a0\/\u00a0freins"},{"new_vehicle_spec_label":"ABS","new_vehicle_spec_value":"ABS Integral BMW\u00a0Motorrad (int\u00e9gral)","new_vehicle_spec_group":"Ch\u00e2ssis\u00a0\/\u00a0freins"},{"new_vehicle_spec_label":"Hauteur de selle (poids \u00e0 vide)","new_vehicle_spec_value":"28,3\"","new_vehicle_spec_group":"Dimensions\u00a0\/\u00a0poids"},{"new_vehicle_spec_label":"Longueur d\u2019entrejambe (poids \u00e0 vide)","new_vehicle_spec_value":"1 700 mm","new_vehicle_spec_group":"Dimensions\u00a0\/\u00a0poids"},{"new_vehicle_spec_label":"Capacit\u00e9 utile du r\u00e9servoir","new_vehicle_spec_value":"env. 24 l","new_vehicle_spec_group":"Dimensions\u00a0\/\u00a0poids"},{"new_vehicle_spec_label":"dont r\u00e9serve","new_vehicle_spec_value":"env. 4 l","new_vehicle_spec_group":"Dimensions\u00a0\/\u00a0poids"},{"new_vehicle_spec_label":"Longueur","new_vehicle_spec_value":"100,8\" (avec garde-boue)","new_vehicle_spec_group":"Dimensions\u00a0\/\u00a0poids"},{"new_vehicle_spec_label":"Hauteur","new_vehicle_spec_value":"55,1\" (avec bulle, poids \u00e0 vide DIN)","new_vehicle_spec_group":"Dimensions\u00a0\/\u00a0poids"},{"new_vehicle_spec_label":"Largeur","new_vehicle_spec_value":"38,2\" (avec manette)","new_vehicle_spec_group":"Dimensions\u00a0\/\u00a0poids"},{"new_vehicle_spec_label":"Poids \u00e0 vide en ordre de marche, tous pleins faits","new_vehicle_spec_value":"398 kg","new_vehicle_spec_group":"Dimensions\u00a0\/\u00a0poids"},{"new_vehicle_spec_label":"Poids total maximum autoris\u00e9","new_vehicle_spec_value":"630 kg","new_vehicle_spec_group":"Dimensions\u00a0\/\u00a0poids"},{"new_vehicle_spec_label":"Charge utile (avec \u00e9quipement de s\u00e9rie)","new_vehicle_spec_value":"232 kg","new_vehicle_spec_group":"Dimensions\u00a0\/\u00a0poids"}],"new_vehicle_order":"202070","new_vehicle_managed_instock":true,"new_vehicle_brochure_url":""},"_links":{"self":[{"href":"https:\/\/www.bmwmotorradsaguenay.com\/fr\/wp-json\/wp\/v2\/motorcycle\/29724"}],"collection":[{"href":"https:\/\/www.bmwmotorradsaguenay.com\/fr\/wp-json\/wp\/v2\/motorcycle"}],"about":[{"href":"https:\/\/www.bmwmotorradsaguenay.com\/fr\/wp-json\/wp\/v2\/types\/motorcycle"}],"wp:attachment":[{"href":"https:\/\/www.bmwmotorradsaguenay.com\/fr\/wp-json\/wp\/v2\/media?parent=29724"}],"wp:term":[{"taxonomy":"price-range","embeddable":true,"href":"https:\/\/www.bmwmotorradsaguenay.com\/fr\/wp-json\/wp\/v2\/price-range?post=29724"}],"curies":[{"name":"wp","href":"https:\/\/api.w.org\/{rel}","templated":true}]}}

91 ch à 4 750 tr/min

Épuration des gaz d’échappement

Catalyseur 3 voies à régulation lambda

Moteur à pistons opposés bicylindre à quatre temps, refroidi par air/huile, avec deux arbres à cames entraînés par chaîne, au-dessus du vilebrequin

Alésage x course

Cylindrée

163 Nm à 3 000 tr/min

Rapport volumétrique

Injection électronique indirecte / gestion numérique du moteur : BMS-O avec accélérateur électronique

Émissions de CO2 selon WMTC

Super sans plomb (max. 15 % éthanol, E15), 95 ROZ/RON, 90 AKI

Alternateur à aimant permanent 660 W (puissance nominale)

Équipement électrique

Embrayage monodisque à sec

Boîte de vitesses

6 rapports à commande par crabots, dans un carter de boîte de vitesses séparé

Cadre en acier double berceau avec entretoises vissées

Châssis / freins

Fourche télescopique

Guidage de la roue arrière / suspension

Débattement avant / arrière

Angle de tête de direction

Dimensions jante arrière

Pneumatique arrière

Frein à double disque, diamètre 300 mm, étrier fixe à 4 pistons

Frein arrière

Frein monodisque, diamètre 300 mm, étrier fixe à quatre pistons

ABS Integral BMW Motorrad (intégral)

Hauteur de selle (poids à vide)

Longueur d’entrejambe (poids à vide)

Capacité utile du réservoir

dont réserve

55,1" (avec bulle, poids à vide DIN)

Poids à vide en ordre de marche, tous pleins faits

Poids total maximum autorisé

Charge utile (avec équipement de série)
